{"id":88,"date":"2019-03-26T21:11:23","date_gmt":"2019-03-26T21:11:23","guid":{"rendered":"http:\/\/c3.usac.edu.gt\/cefol.usac.edu.gt\/public_html2\/?page_id=88"},"modified":"2025-09-30T20:39:33","modified_gmt":"2025-09-30T20:39:33","slug":"anibal-chajon","status":"publish","type":"page","link":"https:\/\/ceceg.usac.edu.gt\/index.php\/anibal-chajon\/","title":{"rendered":"An\u00edbal Chaj\u00f3n"},"content":{"rendered":"<div class=\"wp-block-image is-style-rounded\">\n<figure class=\"aligncenter size-large\"><img loading=\"lazy\" decoding=\"async\" width=\"1024\" height=\"685\" src=\"https:\/\/ceceg.usac.edu.gt\/wp-content\/uploads\/2025\/09\/Anibal-1024x685.png\" alt=\"\" class=\"wp-image-7144\" srcset=\"https:\/\/ceceg.usac.edu.gt\/wp-content\/uploads\/2025\/09\/Anibal-1024x685.png 1024w, https:\/\/ceceg.usac.edu.gt\/wp-content\/uploads\/2025\/09\/Anibal-300x201.png 300w, https:\/\/ceceg.usac.edu.gt\/wp-content\/uploads\/2025\/09\/Anibal-768x513.png 768w, https:\/\/ceceg.usac.edu.gt\/wp-content\/uploads\/2025\/09\/Anibal.png 1080w\" sizes=\"auto, (max-width: 1024px) 100vw, 1024px\" \/><\/figure>\n<\/div>\n\n\n<hr class=\"wp-block-separator has-css-opacity\"\/>\n\n\n\n<ul style=\"background:linear-gradient(135deg,rgb(204,246,232) 0%,rgb(238,245,225) 52%,rgb(186,222,204) 97%)\" class=\"wp-block-list has-background\">\n<li>Nombre: <strong>Anibal Dionisio Chaj\u00f3n Flores<\/strong><\/li>\n\n\n\n<li>Nacionalidad:<strong> Guatemalteco<\/strong><\/li>\n\n\n\n<li>Grado acad\u00e9mico:  <strong>Historiador y Soci\u00f3logo <\/strong><\/li>\n\n\n\n<li>Correo electr\u00f3nico: <strong>anibalchajon@gmail.com<\/strong><\/li>\n\n\n\n<li>Lugar de trabajo: <strong>Centro de Estudios de las Culturas en Guatemala<\/strong> <strong>CECEG\/USAC<\/strong><\/li>\n<\/ul>\n\n\n\n<hr class=\"wp-block-separator has-css-opacity\"\/>\n\n\n\n<p><strong>Publicaciones:<\/strong><\/p>\n\n\n\n<ul class=\"wp-block-list\">\n<li><a href=\"https:\/\/revistasceceg.usac.edu.gt\/detallearticulo.php?c=512&amp;a=2107\">ESCUINTLA: PALMERAS, GOLONDRINAS, Y MONUMENTOS<\/a><\/li>\n\n\n\n<li><a href=\"https:\/\/revistasceceg.usac.edu.gt\/detallearticulo.php?c=512&amp;a=2108\">NARRACIONES EN LA CIUDAD DE LAS PALMERAS<\/a><\/li>\n\n\n\n<li><a href=\"https:\/\/revistasceceg.usac.edu.gt\/detallearticulo.php?c=546&amp;a=2331\">Aj Poop B\u2019atz\u2019, el gran l\u00edder q\u2019eqchi\u2019<\/a><\/li>\n\n\n\n<li><a href=\"https:\/\/revistasceceg.usac.edu.gt\/detallearticulo.php?c=546&amp;a=2333\">Percepci\u00f3n de j\u00f3venes guatemaltecos sobre el Centro Hist\u00f3rico<\/a><\/li>\n\n\n\n<li><a href=\"https:\/\/revistasceceg.usac.edu.gt\/detallearticulo.php?c=543&amp;a=2245\">Registro de tradici\u00f3n oral: descripciones de la educaci\u00f3n en casa durante la cuarentena del covid-19 en Guatemala<\/a><\/li>\n<\/ul>\n\n\n\n<hr class=\"wp-block-separator has-css-opacity\"\/>\n","protected":false},"excerpt":{"rendered":"<p>Publicaciones:<\/p>\n","protected":false},"author":1,"featured_media":0,"parent":0,"menu_order":0,"comment_status":"closed","ping_status":"closed","template":"","meta":{"footnotes":""},"class_list":["post-88","page","type-page","status-publish","czr-hentry"],"_links":{"self":[{"href":"https:\/\/ceceg.usac.edu.gt\/index.php\/wp-json\/wp\/v2\/pages\/88","targetHints":{"allow":["GET"]}}],"collection":[{"href":"https:\/\/ceceg.usac.edu.gt\/index.php\/wp-json\/wp\/v2\/pages"}],"about":[{"href":"https:\/\/ceceg.usac.edu.gt\/index.php\/wp-json\/wp\/v2\/types\/page"}],"author":[{"embeddable":true,"href":"https:\/\/ceceg.usac.edu.gt\/index.php\/wp-json\/wp\/v2\/users\/1"}],"replies":[{"embeddable":true,"href":"https:\/\/ceceg.usac.edu.gt\/index.php\/wp-json\/wp\/v2\/comments?post=88"}],"version-history":[{"count":5,"href":"https:\/\/ceceg.usac.edu.gt\/index.php\/wp-json\/wp\/v2\/pages\/88\/revisions"}],"predecessor-version":[{"id":7145,"href":"https:\/\/ceceg.usac.edu.gt\/index.php\/wp-json\/wp\/v2\/pages\/88\/revisions\/7145"}],"wp:attachment":[{"href":"https:\/\/ceceg.usac.edu.gt\/index.php\/wp-json\/wp\/v2\/media?parent=88"}],"curies":[{"name":"wp","href":"https:\/\/api.w.org\/{rel}","templated":true}]}}