{"id":41,"date":"2019-03-26T17:02:54","date_gmt":"2019-03-26T17:02:54","guid":{"rendered":"http:\/\/c3.usac.edu.gt\/cefol.usac.edu.gt\/public_html2\/?page_id=41"},"modified":"2025-09-30T20:02:54","modified_gmt":"2025-09-30T20:02:54","slug":"david-molina","status":"publish","type":"page","link":"https:\/\/ceceg.usac.edu.gt\/index.php\/david-molina\/","title":{"rendered":"Deyvid Molina"},"content":{"rendered":"<div class=\"wp-block-image is-style-rounded\">\n<figure class=\"aligncenter size-large\"><img loading=\"lazy\" decoding=\"async\" width=\"1024\" height=\"684\" src=\"https:\/\/ceceg.usac.edu.gt\/wp-content\/uploads\/2023\/05\/Deyvid-Molina-1024x684.jpg\" alt=\"\" class=\"wp-image-851\" srcset=\"https:\/\/ceceg.usac.edu.gt\/wp-content\/uploads\/2023\/05\/Deyvid-Molina-1024x684.jpg 1024w, https:\/\/ceceg.usac.edu.gt\/wp-content\/uploads\/2023\/05\/Deyvid-Molina-300x200.jpg 300w, https:\/\/ceceg.usac.edu.gt\/wp-content\/uploads\/2023\/05\/Deyvid-Molina-768x513.jpg 768w, https:\/\/ceceg.usac.edu.gt\/wp-content\/uploads\/2023\/05\/Deyvid-Molina-1536x1025.jpg 1536w, https:\/\/ceceg.usac.edu.gt\/wp-content\/uploads\/2023\/05\/Deyvid-Molina-2048x1367.jpg 2048w\" sizes=\"auto, (max-width: 1024px) 100vw, 1024px\" \/><\/figure>\n<\/div>\n\n\n<hr class=\"wp-block-separator has-css-opacity\"\/>\n\n\n\n<ul style=\"background:linear-gradient(135deg,rgb(204,246,232) 0%,rgb(238,245,225) 52%,rgb(186,222,204) 100%)\" class=\"wp-block-list has-background\">\n<li>Nombre: <strong>Deyvid Paul Molina<\/strong><\/li>\n\n\n\n<li>Nacionalidad: <strong>Guatemalteco<\/strong> <\/li>\n\n\n\n<li> Grado acad\u00e9mico: <strong>Licenciado en antropolog\u00eda<\/strong> <\/li>\n\n\n\n<li>Correo electr\u00f3nico: <strong>dmolina13@hotmail.com<\/strong><\/li>\n\n\n\n<li>Lugar de trabajo: <strong>Centro de Estudios de las Culturas en Guatemala<\/strong> <strong>CECEG\/USAC<\/strong><\/li>\n<\/ul>\n\n\n\n<hr class=\"wp-block-separator has-css-opacity\"\/>\n\n\n\n<p><strong>Publicaciones:<\/strong><\/p>\n\n\n\n<ul class=\"wp-block-list\">\n<li><a href=\"https:\/\/revistasceceg.usac.edu.gt\/detallearticulo.php?c=546&amp;a=2325\">La revaloraci\u00f3n de la indumentaria ancestral entre las representativas mayas en Guatemala<\/a><\/li>\n\n\n\n<li><a href=\"https:\/\/revistasceceg.usac.edu.gt\/detallearticulo.php?c=543&amp;a=2249\">Ferias patronales durante la pandemia de 2020 en Guatemala<\/a><\/li>\n\n\n\n<li><a href=\"https:\/\/revistasceceg.usac.edu.gt\/detallearticulo.php?c=542&amp;a=2231\">Cuaresma y Semana Santa durante la pandemia de 2020 en Guatemala<\/a><\/li>\n\n\n\n<li><a href=\"https:\/\/revistasceceg.usac.edu.gt\/detallearticulo.php?c=528&amp;a=2136\">La festividad de la Virgen de Morenos de Mixco a trav\u00e9s de las cr\u00f3nicas period\u00edsticas (1938-2000)<\/a><\/li>\n\n\n\n<li><a href=\"https:\/\/revistasceceg.usac.edu.gt\/detallearticulo.php?c=527&amp;a=2128\">La indumentaria tradicional Mixque\u00f1a<\/a><\/li>\n<\/ul>\n\n\n\n<hr class=\"wp-block-separator has-css-opacity\"\/>\n","protected":false},"excerpt":{"rendered":"<p>Publicaciones:<\/p>\n","protected":false},"author":1,"featured_media":0,"parent":0,"menu_order":0,"comment_status":"closed","ping_status":"closed","template":"","meta":{"footnotes":""},"class_list":["post-41","page","type-page","status-publish","czr-hentry"],"_links":{"self":[{"href":"https:\/\/ceceg.usac.edu.gt\/index.php\/wp-json\/wp\/v2\/pages\/41","targetHints":{"allow":["GET"]}}],"collection":[{"href":"https:\/\/ceceg.usac.edu.gt\/index.php\/wp-json\/wp\/v2\/pages"}],"about":[{"href":"https:\/\/ceceg.usac.edu.gt\/index.php\/wp-json\/wp\/v2\/types\/page"}],"author":[{"embeddable":true,"href":"https:\/\/ceceg.usac.edu.gt\/index.php\/wp-json\/wp\/v2\/users\/1"}],"replies":[{"embeddable":true,"href":"https:\/\/ceceg.usac.edu.gt\/index.php\/wp-json\/wp\/v2\/comments?post=41"}],"version-history":[{"count":4,"href":"https:\/\/ceceg.usac.edu.gt\/index.php\/wp-json\/wp\/v2\/pages\/41\/revisions"}],"predecessor-version":[{"id":7136,"href":"https:\/\/ceceg.usac.edu.gt\/index.php\/wp-json\/wp\/v2\/pages\/41\/revisions\/7136"}],"wp:attachment":[{"href":"https:\/\/ceceg.usac.edu.gt\/index.php\/wp-json\/wp\/v2\/media?parent=41"}],"curies":[{"name":"wp","href":"https:\/\/api.w.org\/{rel}","templated":true}]}}

<div class="wp-block-image is-style-rounded">
<figure class="aligncenter size-large"><img loading="lazy" decoding="async" width="1024" height="684" src="https://ceceg.usac.edu.gt/wp-content/uploads/2023/05/Deyvid-Molina-1024x684.jpg" alt="" class="wp-image-851" srcset="https://ceceg.usac.edu.gt/wp-content/uploads/2023/05/Deyvid-Molina-1024x684.jpg 1024w, https://ceceg.usac.edu.gt/wp-content/uploads/2023/05/Deyvid-Molina-300x200.jpg 300w, https://ceceg.usac.edu.gt/wp-content/uploads/2023/05/Deyvid-Molina-768x513.jpg 768w, https://ceceg.usac.edu.gt/wp-content/uploads/2023/05/Deyvid-Molina-1536x1025.jpg 1536w, https://ceceg.usac.edu.gt/wp-content/uploads/2023/05/Deyvid-Molina-2048x1367.jpg 2048w" sizes="auto, (max-width: 1024px) 100vw, 1024px" /></figure>
</div>


<hr class="wp-block-separator has-css-opacity"/>



<ul style="background:linear-gradient(135deg,rgb(204,246,232) 0%,rgb(238,245,225) 52%,rgb(186,222,204) 100%)" class="wp-block-list has-background">
<li>Nombre: <strong>Deyvid Paul Molina</strong></li>



<li>Nacionalidad: <strong>Guatemalteco</strong> </li>



<li> Grado académico: <strong>Licenciado en antropología</strong> </li>



<li>Correo electrónico: <strong>dmolina13@hotmail.com</strong></li>



<li>Lugar de trabajo: <strong>Centro de Estudios de las Culturas en Guatemala</strong> <strong>CECEG/USAC</strong></li>
</ul>



<hr class="wp-block-separator has-css-opacity"/>



<p><strong>Publicaciones:</strong></p>



<ul class="wp-block-list">
<li><a href="https://revistasceceg.usac.edu.gt/detallearticulo.php?c=546&amp;a=2325">La revaloración de la indumentaria ancestral entre las representativas mayas en Guatemala</a></li>



<li><a href="https://revistasceceg.usac.edu.gt/detallearticulo.php?c=543&amp;a=2249">Ferias patronales durante la pandemia de 2020 en Guatemala</a></li>



<li><a href="https://revistasceceg.usac.edu.gt/detallearticulo.php?c=542&amp;a=2231">Cuaresma y Semana Santa durante la pandemia de 2020 en Guatemala</a></li>



<li><a href="https://revistasceceg.usac.edu.gt/detallearticulo.php?c=528&amp;a=2136">La festividad de la Virgen de Morenos de Mixco a través de las crónicas periodísticas (1938-2000)</a></li>



<li><a href="https://revistasceceg.usac.edu.gt/detallearticulo.php?c=527&amp;a=2128">La indumentaria tradicional Mixqueña</a></li>
</ul>



<hr class="wp-block-separator has-css-opacity"/>
