{"id":234,"date":"2019-04-02T19:36:24","date_gmt":"2019-04-02T19:36:24","guid":{"rendered":"http:\/\/c3.usac.edu.gt\/cefol.usac.edu.gt\/public_html2\/?page_id=234"},"modified":"2025-10-01T15:51:07","modified_gmt":"2025-10-01T15:51:07","slug":"oralidad-y-literatura-tradicional","status":"publish","type":"page","link":"https:\/\/ceceg.usac.edu.gt\/index.php\/oralidad-y-literatura-tradicional\/","title":{"rendered":"\u200bReligiosidad Popular"},"content":{"rendered":"\n<figure class=\"wp-block-image size-large\"><img loading=\"lazy\" decoding=\"async\" width=\"1024\" height=\"293\" src=\"https:\/\/ceceg.usac.edu.gt\/wp-content\/uploads\/2025\/09\/Area_Religiosidad-Popular-1024x293.jpg\" alt=\"\" class=\"wp-image-6970\" srcset=\"https:\/\/ceceg.usac.edu.gt\/wp-content\/uploads\/2025\/09\/Area_Religiosidad-Popular-1024x293.jpg 1024w, https:\/\/ceceg.usac.edu.gt\/wp-content\/uploads\/2025\/09\/Area_Religiosidad-Popular-300x86.jpg 300w, https:\/\/ceceg.usac.edu.gt\/wp-content\/uploads\/2025\/09\/Area_Religiosidad-Popular-768x219.jpg 768w, https:\/\/ceceg.usac.edu.gt\/wp-content\/uploads\/2025\/09\/Area_Religiosidad-Popular.jpg 1400w\" sizes=\"auto, (max-width: 1024px) 100vw, 1024px\" \/><\/figure>\n\n\n\n<hr class=\"wp-block-separator has-css-opacity\"\/>\n\n\n\n<p><strong>Descripci\u00f3n:<\/strong><\/p>\n\n\n<div class=\"wp-block-image is-resized is-style-rounded\">\n<figure class=\"alignleft\"><img loading=\"lazy\" decoding=\"async\" width=\"1024\" height=\"1024\" src=\"http:\/\/c3.usac.edu.gt\/cefol.usac.edu.gt\/public_html2\/wp-content\/uploads\/2019\/04\/dibujos-de-areas-06-1024x1024.jpg\" alt=\"\" class=\"wp-image-323\" style=\"aspect-ratio:1;object-fit:cover;width:220px\" srcset=\"https:\/\/ceceg.usac.edu.gt\/wp-content\/uploads\/2019\/04\/dibujos-de-areas-06-1024x1024.jpg 1024w, https:\/\/ceceg.usac.edu.gt\/wp-content\/uploads\/2019\/04\/dibujos-de-areas-06-300x300.jpg 300w, https:\/\/ceceg.usac.edu.gt\/wp-content\/uploads\/2019\/04\/dibujos-de-areas-06-150x150.jpg 150w, https:\/\/ceceg.usac.edu.gt\/wp-content\/uploads\/2019\/04\/dibujos-de-areas-06-768x768.jpg 768w, https:\/\/ceceg.usac.edu.gt\/wp-content\/uploads\/2019\/04\/dibujos-de-areas-06-100x100.jpg 100w, https:\/\/ceceg.usac.edu.gt\/wp-content\/uploads\/2019\/04\/dibujos-de-areas-06.jpg 1200w\" sizes=\"auto, (max-width: 1024px) 100vw, 1024px\" \/><\/figure>\n<\/div>\n\n\n<p class=\"has-background\" style=\"background-color:#9b51e01c\"><strong>Las pr\u00e1cticas religiosas que se conservan en la naci\u00f3n, son sincr\u00e9ticas, es decir surgen de la mezcla de elementos de los pueblos ind\u00edgenas prehisp\u00e1nicos, con los tra\u00eddos por los castellanos durante el proceso de conquista y colonizaci\u00f3n. La religiosidad popular constituye las pr\u00e1cticas de tipo religioso que son ejercidas dentro de los sectores populares, a la vez que es un medio de identificaci\u00f3n de los pueblos, quienes lo hacen por medio de sus im\u00e1genes, s\u00edmbolos, rituales, lugares sagrados, creencias, entre otros. El \u00e1rea de Religiosidad Tradicional y Popular surgi\u00f3 el 25 de enero de 2002, y tiene por finalidad el Investigar, rescatar las diferentes manifestaciones y expresiones de la vida religiosa, sacro-profana y sus instituciones en Guatemala, con el fin de fortalecer la riqueza y diversidad de este fen\u00f3meno en su contexto hist\u00f3rico social, as\u00ed como identificar sus portadores y divulgar los resultados de la investigaci\u00f3n. <\/strong><\/p>\n\n\n\n<hr class=\"wp-block-separator has-css-opacity\"\/>\n","protected":false},"excerpt":{"rendered":"<p>Descripci\u00f3n: Las pr\u00e1cticas religiosas que se conservan en la naci\u00f3n, son sincr\u00e9ticas, es decir surgen de la mezcla de elementos de los pueblos ind\u00edgenas prehisp\u00e1nicos, con los tra\u00eddos por los castellanos durante el proceso de conquista y colonizaci\u00f3n. La religiosidad popular constituye las pr\u00e1cticas de tipo religioso que son ejercidas dentro de los sectores populares, [&hellip;]<\/p>\n","protected":false},"author":1,"featured_media":0,"parent":0,"menu_order":0,"comment_status":"closed","ping_status":"closed","template":"","meta":{"footnotes":""},"class_list":["post-234","page","type-page","status-publish","czr-hentry"],"_links":{"self":[{"href":"https:\/\/ceceg.usac.edu.gt\/index.php\/wp-json\/wp\/v2\/pages\/234","targetHints":{"allow":["GET"]}}],"collection":[{"href":"https:\/\/ceceg.usac.edu.gt\/index.php\/wp-json\/wp\/v2\/pages"}],"about":[{"href":"https:\/\/ceceg.usac.edu.gt\/index.php\/wp-json\/wp\/v2\/types\/page"}],"author":[{"embeddable":true,"href":"https:\/\/ceceg.usac.edu.gt\/index.php\/wp-json\/wp\/v2\/users\/1"}],"replies":[{"embeddable":true,"href":"https:\/\/ceceg.usac.edu.gt\/index.php\/wp-json\/wp\/v2\/comments?post=234"}],"version-history":[{"count":13,"href":"https:\/\/ceceg.usac.edu.gt\/index.php\/wp-json\/wp\/v2\/pages\/234\/revisions"}],"predecessor-version":[{"id":7196,"href":"https:\/\/ceceg.usac.edu.gt\/index.php\/wp-json\/wp\/v2\/pages\/234\/revisions\/7196"}],"wp:attachment":[{"href":"https:\/\/ceceg.usac.edu.gt\/index.php\/wp-json\/wp\/v2\/media?parent=234"}],"curies":[{"name":"wp","href":"https:\/\/api.w.org\/{rel}","templated":true}]}}