{"id":226,"date":"2019-04-02T19:34:39","date_gmt":"2019-04-02T19:34:39","guid":{"rendered":"http:\/\/c3.usac.edu.gt\/cefol.usac.edu.gt\/public_html2\/?page_id=226"},"modified":"2025-10-01T15:55:10","modified_gmt":"2025-10-01T15:55:10","slug":"etnografia-historica","status":"publish","type":"page","link":"https:\/\/ceceg.usac.edu.gt\/index.php\/etnografia-historica\/","title":{"rendered":"\u200b\u200bEtnograf\u00eda Hist\u00f3rica"},"content":{"rendered":"\n<figure class=\"wp-block-image size-large\"><img loading=\"lazy\" decoding=\"async\" width=\"1024\" height=\"293\" src=\"https:\/\/ceceg.usac.edu.gt\/wp-content\/uploads\/2025\/09\/Area_Etnografia-Historica-1024x293.jpg\" alt=\"\" class=\"wp-image-6956\" srcset=\"https:\/\/ceceg.usac.edu.gt\/wp-content\/uploads\/2025\/09\/Area_Etnografia-Historica-1024x293.jpg 1024w, https:\/\/ceceg.usac.edu.gt\/wp-content\/uploads\/2025\/09\/Area_Etnografia-Historica-300x86.jpg 300w, https:\/\/ceceg.usac.edu.gt\/wp-content\/uploads\/2025\/09\/Area_Etnografia-Historica-768x219.jpg 768w, https:\/\/ceceg.usac.edu.gt\/wp-content\/uploads\/2025\/09\/Area_Etnografia-Historica.jpg 1400w\" sizes=\"auto, (max-width: 1024px) 100vw, 1024px\" \/><\/figure>\n\n\n\n<hr class=\"wp-block-separator has-css-opacity\"\/>\n\n\n\n<p><strong>Descripci\u00f3n<\/strong>:<\/p>\n\n\n<div class=\"wp-block-image is-resized is-style-rounded\">\n<figure class=\"alignleft\"><img loading=\"lazy\" decoding=\"async\" width=\"1024\" height=\"1024\" src=\"http:\/\/c3.usac.edu.gt\/cefol.usac.edu.gt\/public_html2\/wp-content\/uploads\/2019\/04\/dibujos-de-areas-10-1024x1024.jpg\" alt=\"\" class=\"wp-image-308\" style=\"width:220px\" srcset=\"https:\/\/ceceg.usac.edu.gt\/wp-content\/uploads\/2019\/04\/dibujos-de-areas-10-1024x1024.jpg 1024w, https:\/\/ceceg.usac.edu.gt\/wp-content\/uploads\/2019\/04\/dibujos-de-areas-10-300x300.jpg 300w, https:\/\/ceceg.usac.edu.gt\/wp-content\/uploads\/2019\/04\/dibujos-de-areas-10-150x150.jpg 150w, https:\/\/ceceg.usac.edu.gt\/wp-content\/uploads\/2019\/04\/dibujos-de-areas-10-768x768.jpg 768w, https:\/\/ceceg.usac.edu.gt\/wp-content\/uploads\/2019\/04\/dibujos-de-areas-10-100x100.jpg 100w, https:\/\/ceceg.usac.edu.gt\/wp-content\/uploads\/2019\/04\/dibujos-de-areas-10.jpg 1200w\" sizes=\"auto, (max-width: 1024px) 100vw, 1024px\" \/><\/figure>\n<\/div>\n\n\n<p class=\"has-background\" style=\"background-color:#abb7c238\"><strong>Es un \u00e1rea de investigaci\u00f3n especializada en estudiar diferentes fen\u00f3menos de la cultura tradicional y popular, combinando m\u00e9todos y t\u00e9cnicas antropol\u00f3gicas e hist\u00f3ricas, de manera que el trabajo de campo, entrevistas y observaci\u00f3n participante, se complementan con la investigaci\u00f3n de archivo y de hemeroteca. De esa manera se construye un contexto hist\u00f3rico, social y econ\u00f3mico que permite explicar el origen, desarrollo y situaci\u00f3n actual de un fen\u00f3meno cultural, se enlazan pasado y presente. Con el enfoque anterior se han realizado investigaciones sobre danzas, convites y teatro tradicional; santos populares venerados en los mercados; poes\u00eda y m\u00fasica popular; festividades locales; monograf\u00edas municipales; arquitectura popular; an\u00e1lisis sobre la influencia de la ideolog\u00eda conservadora y liberal en la cultura tradicional, entre otros temas.<\/strong> <\/p>\n\n\n\n<hr class=\"wp-block-separator has-css-opacity\"\/>\n","protected":false},"excerpt":{"rendered":"<p>Descripci\u00f3n: Es un \u00e1rea de investigaci\u00f3n especializada en estudiar diferentes fen\u00f3menos de la cultura tradicional y popular, combinando m\u00e9todos y t\u00e9cnicas antropol\u00f3gicas e hist\u00f3ricas, de manera que el trabajo de campo, entrevistas y observaci\u00f3n participante, se complementan con la investigaci\u00f3n de archivo y de hemeroteca. De esa manera se construye un contexto hist\u00f3rico, social y [&hellip;]<\/p>\n","protected":false},"author":1,"featured_media":0,"parent":0,"menu_order":0,"comment_status":"closed","ping_status":"closed","template":"","meta":{"footnotes":""},"class_list":["post-226","page","type-page","status-publish","czr-hentry"],"_links":{"self":[{"href":"https:\/\/ceceg.usac.edu.gt\/index.php\/wp-json\/wp\/v2\/pages\/226","targetHints":{"allow":["GET"]}}],"collection":[{"href":"https:\/\/ceceg.usac.edu.gt\/index.php\/wp-json\/wp\/v2\/pages"}],"about":[{"href":"https:\/\/ceceg.usac.edu.gt\/index.php\/wp-json\/wp\/v2\/types\/page"}],"author":[{"embeddable":true,"href":"https:\/\/ceceg.usac.edu.gt\/index.php\/wp-json\/wp\/v2\/users\/1"}],"replies":[{"embeddable":true,"href":"https:\/\/ceceg.usac.edu.gt\/index.php\/wp-json\/wp\/v2\/comments?post=226"}],"version-history":[{"count":3,"href":"https:\/\/ceceg.usac.edu.gt\/index.php\/wp-json\/wp\/v2\/pages\/226\/revisions"}],"predecessor-version":[{"id":7202,"href":"https:\/\/ceceg.usac.edu.gt\/index.php\/wp-json\/wp\/v2\/pages\/226\/revisions\/7202"}],"wp:attachment":[{"href":"https:\/\/ceceg.usac.edu.gt\/index.php\/wp-json\/wp\/v2\/media?parent=226"}],"curies":[{"name":"wp","href":"https:\/\/api.w.org\/{rel}","templated":true}]}}