{"id":218,"date":"2019-04-02T19:26:01","date_gmt":"2019-04-02T19:26:01","guid":{"rendered":"http:\/\/c3.usac.edu.gt\/cefol.usac.edu.gt\/public_html2\/?page_id=218"},"modified":"2025-10-01T15:56:39","modified_gmt":"2025-10-01T15:56:39","slug":"artesyartesaniaspopulares","status":"publish","type":"page","link":"https:\/\/ceceg.usac.edu.gt\/index.php\/artesyartesaniaspopulares\/","title":{"rendered":"\u200bArtes y Artesan\u00edas Populares"},"content":{"rendered":"\n<figure class=\"wp-block-image size-large is-style-default\"><img loading=\"lazy\" decoding=\"async\" width=\"1024\" height=\"293\" src=\"https:\/\/ceceg.usac.edu.gt\/wp-content\/uploads\/2025\/09\/Area_Artes-y-Artesanias-Populares-1-1024x293.jpg\" alt=\"\" class=\"wp-image-6949\" srcset=\"https:\/\/ceceg.usac.edu.gt\/wp-content\/uploads\/2025\/09\/Area_Artes-y-Artesanias-Populares-1-1024x293.jpg 1024w, https:\/\/ceceg.usac.edu.gt\/wp-content\/uploads\/2025\/09\/Area_Artes-y-Artesanias-Populares-1-300x86.jpg 300w, https:\/\/ceceg.usac.edu.gt\/wp-content\/uploads\/2025\/09\/Area_Artes-y-Artesanias-Populares-1-768x219.jpg 768w, https:\/\/ceceg.usac.edu.gt\/wp-content\/uploads\/2025\/09\/Area_Artes-y-Artesanias-Populares-1.jpg 1400w\" sizes=\"auto, (max-width: 1024px) 100vw, 1024px\" \/><\/figure>\n\n\n\n<hr class=\"wp-block-separator has-css-opacity\"\/>\n\n\n\n<p><strong>Descripci\u00f3n:<\/strong><\/p>\n\n\n<div class=\"wp-block-image is-resized is-style-rounded\">\n<figure class=\"alignleft\"><img loading=\"lazy\" decoding=\"async\" width=\"1024\" height=\"1024\" src=\"http:\/\/c3.usac.edu.gt\/cefol.usac.edu.gt\/public_html2\/wp-content\/uploads\/2019\/04\/dibujos-de-areas-01-1-1024x1024.jpg\" alt=\"\" class=\"wp-image-299\" style=\"width:220px\" srcset=\"https:\/\/ceceg.usac.edu.gt\/wp-content\/uploads\/2019\/04\/dibujos-de-areas-01-1-1024x1024.jpg 1024w, https:\/\/ceceg.usac.edu.gt\/wp-content\/uploads\/2019\/04\/dibujos-de-areas-01-1-300x300.jpg 300w, https:\/\/ceceg.usac.edu.gt\/wp-content\/uploads\/2019\/04\/dibujos-de-areas-01-1-150x150.jpg 150w, https:\/\/ceceg.usac.edu.gt\/wp-content\/uploads\/2019\/04\/dibujos-de-areas-01-1-768x768.jpg 768w, https:\/\/ceceg.usac.edu.gt\/wp-content\/uploads\/2019\/04\/dibujos-de-areas-01-1-100x100.jpg 100w, https:\/\/ceceg.usac.edu.gt\/wp-content\/uploads\/2019\/04\/dibujos-de-areas-01-1.jpg 1200w\" sizes=\"auto, (max-width: 1024px) 100vw, 1024px\" \/><\/figure>\n<\/div>\n\n\n<p class=\"has-background\" style=\"background-color:#f9e5de\"><strong>El \u00c1rea de Artes y Artesan\u00edas Populares, fue creada en 1974 y tiene como misi\u00f3n investigar, sistematizar, rescatar, resguardar, poner en valor y divulgar las creaciones y conocimientos de los artistas y artesanos como portadores de la cultura &nbsp;popular guatemalteca, &nbsp;especialmente la material o ergol\u00f3gica. Esta es aquella que comprende todos los fen\u00f3menos tradicionales cuyo elemento definidor es la producci\u00f3n de objetos tangibles, &nbsp;con t\u00e9cnicas no mecanizadas y de car\u00e1cter est\u00e9tico. El \u00e1rea ha publicado art\u00edculos sobre cer\u00e1mica, textiles, cester\u00eda, cuero, madera, cerer\u00eda, pirotecnia, canter\u00eda, hierro, papel, jarcia, hojalater\u00eda, plata, bronce, talabarter\u00eda, productos de palma, j\u00edcaras y guacales entre otros. Adem\u00e1s, el \u00e1rea ha contribuido con &nbsp;aportes te\u00f3ricos, que pretenden situar el estudio de las artes y artesan\u00edas populares, dentro de un marco de estudio m\u00e1s amplio, el de las culturas populares, en el intento de definir cr\u00edticamente, lo que debe entenderse por artes, artesan\u00edas e industrias populares.<\/strong> <\/p>\n\n\n\n<hr class=\"wp-block-separator has-css-opacity\"\/>\n","protected":false},"excerpt":{"rendered":"<p>Descripci\u00f3n: El \u00c1rea de Artes y Artesan\u00edas Populares, fue creada en 1974 y tiene como misi\u00f3n investigar, sistematizar, rescatar, resguardar, poner en valor y divulgar las creaciones y conocimientos de los artistas y artesanos como portadores de la cultura &nbsp;popular guatemalteca, &nbsp;especialmente la material o ergol\u00f3gica. Esta es aquella que comprende todos los fen\u00f3menos tradicionales [&hellip;]<\/p>\n","protected":false},"author":1,"featured_media":0,"parent":0,"menu_order":0,"comment_status":"closed","ping_status":"closed","template":"","meta":{"footnotes":""},"class_list":["post-218","page","type-page","status-publish","czr-hentry"],"_links":{"self":[{"href":"https:\/\/ceceg.usac.edu.gt\/index.php\/wp-json\/wp\/v2\/pages\/218","targetHints":{"allow":["GET"]}}],"collection":[{"href":"https:\/\/ceceg.usac.edu.gt\/index.php\/wp-json\/wp\/v2\/pages"}],"about":[{"href":"https:\/\/ceceg.usac.edu.gt\/index.php\/wp-json\/wp\/v2\/types\/page"}],"author":[{"embeddable":true,"href":"https:\/\/ceceg.usac.edu.gt\/index.php\/wp-json\/wp\/v2\/users\/1"}],"replies":[{"embeddable":true,"href":"https:\/\/ceceg.usac.edu.gt\/index.php\/wp-json\/wp\/v2\/comments?post=218"}],"version-history":[{"count":7,"href":"https:\/\/ceceg.usac.edu.gt\/index.php\/wp-json\/wp\/v2\/pages\/218\/revisions"}],"predecessor-version":[{"id":7205,"href":"https:\/\/ceceg.usac.edu.gt\/index.php\/wp-json\/wp\/v2\/pages\/218\/revisions\/7205"}],"wp:attachment":[{"href":"https:\/\/ceceg.usac.edu.gt\/index.php\/wp-json\/wp\/v2\/media?parent=218"}],"curies":[{"name":"wp","href":"https:\/\/api.w.org\/{rel}","templated":true}]}}